s digit of d/(-21) - (-1520)/28?
5
Suppose 29*g = 26*g. What is the units digit of 22 - ((-7)/(21/12) - g)?
6
Suppose -7*d + 17 = -4. Suppose 0*i - 17 = -i - d*v, -4*v = -4*i + 68. What is the tens digit of i?
1
Suppose 5*h = -25, 0 = n - 4*h - 0*h - 70. What is the tens digit of (3060/n)/(9/30)?
0
Suppose 142*v - 140*v - 1468 = 0. What is the tens digit of v?
3
Let m(r) = 0*r**2 - 2*r + 4*r + 2 - r**3 + r**2. Let d be m(-3). What is the units digit of (-102)/(-8) + (-24)/d?
2
Let x = 2333 - 1071. What is the units digit of x?
2
Let p be ((-200)/(-12) - -4)/((-3)/9). Let q = 84 + p. What is the units digit of q?
2
Let i(m) = -2*m - 2. Let f be i(-6). Let y = 12 - f. Suppose -y*g - 89 = -5*k, -4*k = 5*g - 29 - 29. What is the tens digit of k?
1
Let f = 806 - -24. What is the tens digit of f?
3
Suppose -5 + 10 = 5*l. What is the tens digit of ((-15)/30)/((l*2)/(-428))?
0
Suppose 2*g + 2*g + 52 = 2*a, 4*g - 20 = -a. What is the units digit of 80/(-32)*(-2 + 0 - a)?
5
Let k(x) = 3*x**2 - 2*x - 3. Let u be k(-1). What is the tens digit of u/(-9) - 454/(-18)?
2
Suppose 3*p - 3*k = 1578, p = 6*p + k - 2600. What is the tens digit of p?
2
Let s = 66 + 66. Let p = -54 - -249. Let m = p - s. What is the units digit of m?
3
Let d be -21 + 22 - ((1 - 2) + 0). Suppose -245 = -o - 2*o - 2*h, -o = -d*h - 71. What is the tens digit of o?
7
Let a be (-4)/22 + 106/(-22). Let n be (2 + a)*2/(-3). What is the units digit of (n - (-3 + -7)) + -3?
9
Let j be 2/(-7) - (-253)/77. Suppose 0 = -q + m + 7, m + 9 = -j*q + 5*q. What is the units digit of q?
2
Suppose 5 = 2*q + 1. Let y be 6 - 3/(-6)*8. Suppose -84 = -q*u + y. What is the tens digit of u?
4
Suppose 0 = -11*q + 2729 + 5631. What is the hundreds digit of q?
7
Let v be ((-3)/(-9))/(3/45). Suppose v*p = 6*p + 6. Let w(i) = i**3 + 7*i**2 + 4*i + 8. What is the units digit of w(p)?
0
Suppose -12*n + 15*n = 9. Suppose 215 = 2*f + n*d, 2*d + 5 = 3. What is the hundreds digit of f?
1
Let v = 8 + -5. Let u be 2*-3 + v + 1. What is the tens digit of -2*(u - -4) + 46?
4
Let g = 3600 + -847. What is the thousands digit of g?
2
Suppose 0 = a - 5, -5*a + 0 = l - 29. Suppose 0 = l*n - 66 - 238. What is the units digit of n?
6
Suppose -f + 4*y - 97 + 1297 = 0, -3*f = -2*y - 3650. What is the hundreds digit of f?
2
Let l(o) = -o**3 + 32*o**2 + 9*o - 141. What is the tens digit of l(32)?
4
Let w(u) be the second derivative of u**3/6 - 4*u**2 + 6*u. Let j be w(5). What is the units digit of 4/(-12)*j + 3?
4
Suppose 26*m - 42*m + 10704 = 0. What is the hundreds digit of m?
6
Let u(i) = i + 3. Suppose b + 2*b + 5*d - 4 = 0, 0 = 5*b - d - 44. What is the units digit of u(b)?
1
Suppose -6 = 8*w - 10*w. Suppose -w*l = -6*g + g + 895, 0 = 4*g + l - 716. What is the hundreds digit of g?
1
Let p(l) = -l + 30. Let z be p(0). Let v = -30 + z. Let x = 55 - v. What is the units digit of x?
5
Let j(n) = -2. Let d(p) = 3*p - 7. Let y(q) = -5*q + 11. Let g(m) = 8*d(m) + 5*y(m). Let h(a) = -3*g(a) + j(a). What is the units digit of h(1)?
4
Suppose -m = -3*m - 4, -m = 3*x - 10. Suppose -3*g + 69 = -l + 2*g, -x*g - 124 = 2*l. Let v = l - -93. What is the units digit of v?
9
Let j = 690 + -79. What is the tens digit of j?
1
Suppose 0 = -3*u - 4*z + 464, -3*z - 648 = -4*u - z. What is the units digit of u?
0
Suppose -66*k + 147160 = -26*k. What is the thousands digit of k?
3
Suppose -23 = -4*m - 47. Let c = 10 + m. Suppose c*y - 5*s - 56 = 0, 6 = -y + 5*s + 35. What is the units digit of y?
9
Suppose -3*i + 43 = m, -2*i = -3*i - 2*m + 16. Suppose 51 = 18*n - 35*n. Let o = i - n. What is the tens digit of o?
1
Suppose 2*c + 1 = 27. Let q = c + 8. Let v = q - 6. What is the tens digit of v?
1
Let p be -6*(2 + -1 - 0). Let d be 2 - ((-3 - p) + 0). What is the tens digit of (d + 3)*76/2?
7
Let l(p) = 5*p + 95. What is the hundreds digit of l(13)?
1
Let q be ((-20)/((-5)/(-1)))/(-2). What is the tens digit of (76/(-6))/(q/(-6))?
3
Let h be 3963/15 + (-1)/5. Let k = h - 0. What is the units digit of k?
4
Let v = -251 - 327. Let m = v - -884. What is the tens digit of m?
0
Let p(u) = -u**3 - 3*u + 32. Let k be p(0). What is the tens digit of (-496)/k*(-2)/1?
3
Let g = -1734 + 2589. What is the units digit of g?
5
Suppose -5*t + z + 346 = -0*z, 2*z = -2. Suppose 2*a + 3*y - 4*y - t = 0, -54 = -2*a + 4*y. What is the tens digit of a?
3
Suppose -19*z + 15 = -16*z. Let j be z*4/(80/12). Suppose j*m + 0 - 39 = 0. What is the tens digit of m?
1
Suppose 0 = -4*r - r. Suppose r = 2*v + a - 39, 0 = -2*v - 2*v - 3*a + 75. What is the tens digit of (v/2)/(10/20)?
2
Let q be (-1 - -4) + -1 + 1. Let z(f) = q*f + 3 + 7*f**3 + f**2 - 6*f**2 + f - 6*f**3. What is the tens digit of z(5)?
2
Let a(y) = -y**3 - 3*y**2 + 3*y - 1. Let o be a(-4). Suppose 2*u = u + z - 2, -z + 16 = -o*u. What is the tens digit of 2/u + (-720)/(-70)?
1
Let x(w) = -2*w - 5. Let v(r) = 3*r + 11. Let b(j) = 6*v(j) + 13*x(j). Let p be (1 + -2 - -2)*-1. What is the units digit of b(p)?
9
Let b = 756 - 214. What is the hundreds digit of b?
5
Let y = 24 + -20. Suppose 3*i + 2*i = 4*t, -y*t + 4*i = 0. Suppose -22*k + 17*k + 175 = t. What is the units digit of k?
5
Let q be (-2)/(-3) + 44/6. Suppose -3*z - z + q = 0. Suppose 4*r = 2*y + 90, -5*r - y + 108 = -z*y. What is the tens digit of r?
2
Let n = -12 - 4. Let o be (-6)/4 - 5/10. What is the tens digit of (12/n)/(o/64)?
2
Let r be 3*4/72 - 1510/(-12). Suppose -6*z - r = -8*z. What is the units digit of z?
3
Let w = 45 + -25. Suppose -w = 10*u - 6*u. Let x(l) = l**3 + 6*l**2 - 8*l - 6. What is the tens digit of x(u)?
5
Let v = 82 + 91. What is the units digit of v?
3
Suppose -4*m + 1022 = 2*j, -2*m - 3*m + 2*j + 1300 = 0. What is the units digit of m?
8
What is the tens digit of ((-14)/(-3))/(1 - 136/144)?
8
Let s(l) = l**2 - 4*l + 3. Let i be (2*1)/((-11)/(-22)). Let k be s(i). Suppose -f + 76 = k*f. What is the units digit of f?
9
Let r be 7/14 + (-9)/(-2). Suppose 3*k = 9 - 3. Suppose -k*b + 19 = p, p = b + 3*b - r. What is the units digit of p?
1
Let d = 26 + -20. Let x(o) = o**2 - 6*o + 11. Let l be x(d). Suppose -2*w + 81 = -l. What is the tens digit of w?
4
Suppose 79*g - 38*g = 151167. What is the hundreds digit of g?
6
Suppose 0 = 9*b - 6*b - 6, 0 = 4*a + 3*b - 130. What is the tens digit of a?
3
Suppose 8*r + 9 = 41. Suppose 5*h - 4 = r*g, -8*h + 40 = -3*h + 5*g. What is the units digit of h?
4
Suppose 0 = -25*g + 4458 + 33567. What is the thousands digit of g?
1
Suppose 0 = 2*y + y - 12. Let r(i) = -6*i + 30. Let c be r(5). Suppose l - y*l + 24 = c. What is the units digit of l?
8
Let h(u) = -2*u + 10. Let z be h(-5). Suppose 15*w = z*w - 105. What is the units digit of w?
1
Let l be (-13)/(-4)*(-4)/(-1) - -3. Let u = l - 1. What is the units digit of u?
5
Let j(s) = -s**3 + 7*s**2 + 4. Let h be j(7). Let a = h - -19. What is the units digit of a?
3
Let o(q) = 7*q**3 - 2*q**2 - 22*q - 11. Let j(u) = 6*u**3 - 3*u**2 - 21*u - 10. Let r(t) = 6*j(t) - 5*o(t). What is the hundreds digit of r(11)?
1
Suppose 5*z - 2 = -4*i + i, -5*z + 2*i = -7. What is the tens digit of 54*(4 - 3/z)?
5
Suppose 14*w - 650 = 11446. What is the units digit of w?
4
Let r(l) = -8*l**2 + 8*l + 2. Let j be r(9). Let w = -266 - j. What is the tens digit of w?
0
Suppose 3*c + 1268 = 2*c - 2*z, 0 = 5*z + 20. What is the units digit of c/(-8) - 1/(-2)?
8
Suppose 3 + 5 = -4*k, -4*r + 1302 = -k. What is the hundreds digit of r?
3
What is the units digit of 51/9 - 5 - (-14564)/6?
8
Suppose -70*v + 72*v = 6. What is the units digit of v/9*(56 + -5)?
7
Suppose 0 = -x + i - 2, 0 = 2*x + 3*x + 2*i - 18. Suppose 2*s = 4*k - 3*k - 3, -5*k + 23 = -x*s. What is the units digit of k/10*(1 - -49)?
5
What is the thousands digit of (-174993)/(-78) + 1/(-2)?
2
Suppose 2*j = -2*b - j + 2092, 0 = -3*b + j + 3160. What is the thousands digit of b?
1
Let k(q) = q**2 + q - 3. Let h be k(-3). Suppose 0 = -h*i + 42 + 24. What is the tens digit of i?
2
Let r(w) be the first derivative of -7*w**2 - 37*w - 6. What is the units digit of r(-9)?
9
Suppose 9*a + 0*a = -2430. What is the tens digit of 2230/14 + -8 + a/(-35)?
5
What is the hundreds digit of 383719/294 + 4/(-24)?
3
Let a(n) = 9*n**3 - n**2 + n. Let g be a(1). Let d(t) = -t - g - t + 10*t. What is the units digit of d(5)?
1
Let o be 